*2 - w - 6*w. Suppose 2*z + 2 + 10 = 0. List the prime factors of m(z).
7
Let q be 4/(-18) + 4/18. Suppose q = -4*d - 4*k + 12, 0 = d - k - 0*k - 7. List the prime factors of d.
5
Suppose -4*k - 4 + 2 = -5*y, -3*k = -2*y - 2. Suppose 0 = 5*v - 4*f - 41 + 11, -k*f = 2*v - 12. What are the prime factors of v?
2, 3
Suppose 63*j - 61*j - 144 = 0. List the prime factors of j.
2, 3
Let z = 2 + 3. Suppose 19 = q - 4*k, -z*k = -q - 4*q + 95. List the prime factors of q.
19
Let p(z) = -6*z + 1. Let f(u) = u. Let l(c) = 5*f(c) + p(c). Let b be l(-4). Suppose -4*r + 3 + b = 0. List the prime factors of r.
2
Let p(a) = -a**2 + 9*a + 1. Let g be p(10). List the prime factors of (-1)/(3/g*1).
3
Suppose -2*i + 57 = 3*g - 18, 4*i + 3*g - 135 = 0. Suppose -i = -3*k + 4*w, 3*w = -k + w + 10. What are the prime factors of k?
2, 5
Suppose 3*a + 3*v + 3 = 0, -a + v - 6*v = 13. Suppose -a*t + 0*t = -30. What are the prime factors of t?
3, 5
List the prime factors of (-1336)/(-24) + 1/3.
2, 7
Let l = 18 - 5. Suppose -6 = -u + l. Let a = -12 + u. What are the prime factors of a?
7
Suppose -3*d - 3*f = -75, 4*d + f = -4*f + 103. Let w be (6/12)/(1/(-44)). List the prime factors of (-400)/w + (-4)/d.
2, 3
Let t(g) = -5*g + 7. List the prime factors of t(-11).
2, 31
Let z be (9/(-6))/(1/4). Suppose -7 = 4*u - 3*c, 3*c + 1 = -2*u + 2. List the prime factors of ((-2)/(-4))/(u/z).
3
Let g(z) be the third derivative of z**4/12 + z**3 + 3*z**2. List the prime factors of g(7).
2, 5
Suppose 0 = b + 2 - 6. Let g(h) = 4 + 0*h**2 + 3*h**2 - 3*h - h - 2*h**2. What are the prime factors of g(b)?
2
Let d = 20 - 13. Suppose 4*w - d - 113 = -4*m, -3*w = 0. What are the prime factors of m?
2, 3, 5
Let q = -6 + 24. Suppose 0*v + q = 2*v. What are the prime factors of v?
3
Let y(t) = t**3 + 5*t**2 - 8*t - 4. Let o be y(-6). Suppose -5*s + k + 97 = 0, -2*k = 2*k + o. List the prime factors of s.
19
Suppose 185 + 899 = 4*s. What are the prime factors of s?
271
What are the prime factors of (-1)/(-2 + 1) + 40?
41
Suppose 20 = -v + 1. Let k = v - -44. What are the prime factors of k?
5
Let i(t) = -t**3 - 14*t**2 - 16*t - 13. Suppose -4*n = -9 + 61. List the prime factors of i(n).
2, 13
Suppose 4*q - 316 = -5*o, 3*o = -4*q - 104 + 300. Suppose o = 5*w - 40. List the prime factors of w.
2, 5
Let o be 1/(1*(-2)/16). Let v be (-34)/8 + (-2)/o. Let b(t) = t**2 + 3*t + 2. What are the prime factors of b(v)?
2, 3
Suppose 2*f = 3 + 3. Suppose -2*u + 37 - f = 0. What are the prime factors of u?
17
Suppose 288 = -6*j - 42. Let t = j - -91. List the prime factors of t.
2, 3
Let j(w) = w**2 + w - 2. Let h be j(2). Suppose h*b + 2*y = 4*y - 14, 2*b - 5*y = -11. Let g = 1 - b. What are the prime factors of g?
2
Suppose t + 4*c - 128 = 0, t + 3*c - 25 = 101. What are the prime factors of t?
2, 3, 5
Let v = 262 - 106. What are the prime factors of v?
2, 3, 13
Let i(b) = 7*b**2 + 1. Let d be i(-1). Suppose w + 3*w = 3*j - 7, 0 = 5*j + 2*w - 3. Let k = d - j. List the prime factors of k.
7
Suppose 0 = 2*c + 8, -s - 7*c + 258 = -12*c. What are the prime factors of s?
2, 7, 17
Let i = -3 + 6. Let j(h) = 2 - 3 + i*h + 2. List the prime factors of j(5).
2
Suppose -2*s - 7 + 1 = 0. What are the prime factors of (-142)/(-14) + s/21?
2, 5
Let r(n) be the third derivative of -n**5/60 - 7*n**4/24 + n**3/2 - 2*n**2. Let w = 4 - 10. What are the prime factors of r(w)?
3
Let x = 40 + -21. Let c = x + -13. List the prime factors of c.
2, 3
Let f(m) = m + 7. Suppose 2*n = -4*c + 12, -7 = -n + 3*c + 4. Suppose -d + v + n = -5*d, 2*v + 7 = -5*d. What are the prime factors of f(d)?
2
Let n(s) be the third derivative of 0 + 2*s**2 + 0*s + 7/6*s**3 - 1/4*s**4 - 1/60*s**5. List the prime factors of n(-6).
7
Suppose 0 = 4*u - 4*i + 28, u + 4*i - 1 = 3*i. What are the prime factors of 28/2*(-3)/u?
2, 7
Suppose -220 = d - 5*w, 2*d + 3*d = -3*w - 1212. Let f be (-1)/3 - d/18. Suppose -x + 1 = -f. List the prime factors of x.
2, 7
Let r be 7 + -8 + 4*2. Let q(u) = u**2 - 5*u + 4. List the prime factors of q(r).
2, 3
Let s = -1 - -2. Suppose z + 4 = 3*o, z - 4*z = 2*o + s. List the prime factors of (2 - o - 0) + 6.
7
Let g = -32 + 55. Suppose -3*f = i + 5 + g, -3*f = -3*i + 12. What are the prime factors of 0 - (1*f + 2)?
2, 3
Let g = -1 + 1. Suppose -3*q = -2*h + 21, g = -2*h + q - 2*q + 33. List the prime factors of h.
3, 5
What are the prime factors of 3/6 - (-142)/4?
2, 3
Suppose -9*w = 4*w - 312. What are the prime factors of w?
2, 3
What are the prime factors of 2/(-3) - ((-7504)/6)/4?
2, 3, 13
Let h(c) be the third derivative of -c**4/12 - 2*c**3/3 + 4*c**2. What are the prime factors of h(-3)?
2
Let x(o) = -4*o**3 + o**2 + 3*o + 2. Suppose -2*u - 3*l = 8, 0 = -2*u - 4*l - 10. What are the prime factors of x(u)?
2
Let l be (3 + -2)/((-3)/(-105)). Suppose -2*x + 2*a + 0 = 2, -5*a = 5*x + l. List the prime factors of (-4 - 2)/(x/6).
3
Let d(a) = 11*a**3 - 16*a**2 - 11*a - 33. Let y(c) = 7*c**3 - 11*c**2 - 7*c - 22. Let z(r) = 5*d(r) - 8*y(r). List the prime factors of z(8).
19
Suppose -5 = -5*l + 4*l. Suppose 3*a - l*a = 12. Let u = a + 8. List the prime factors of u.
2
Suppose -t = 3*z - 43, -5*z + 0*z + 105 = -5*t. Suppose -11 = -3*x + z. What are the prime factors of x?
3
Suppose 0 = -9*f + 241 + 83. List the prime factors of f.
2, 3
Let a be 2 - 2*(0 + -1). Let g = -2 - -13. Suppose -a*z = -3*z - g. What are the prime factors of z?
11
Let y = -59 + 98. List the prime factors of y.
3, 13
Suppose -4*y = -2*y - 4. What are the prime factors of y/(-4) + 10/4?
2
Suppose 4*v - 100 = 4*k, -2*k - 68 = -4*v + 42. List the prime factors of v.
2, 3, 5
Suppose 0 = -2*c + 3*d + 2*d + 16, 5*d + 7 = -c. Let s = c + -1. What are the prime factors of s?
2
Let b(j) = j**2 + 8*j + 5. Let v be b(-8). Let s be (20/v)/(2/(-3)). Let o = 9 + s. What are the prime factors of o?
3
Let n be (-59)/3*(-4 + 1). Let k = n - 39. Suppose 2*r + 2*u - 5*u - 27 = 0, k = 4*u. What are the prime factors of r?
3, 7
Suppose 0 = -2*v + 4, -f + 2*v = -30 - 5. What are the prime factors of f?
3, 13
Suppose -2*u - 138 = u. Let f be u/(-14) - (-10)/(-35). Suppose 4*k - f*k = 15. List the prime factors of k.
3, 5
Suppose -5*g - 14 + 34 = 0. Suppose 5*t = -g*i + 52, -t = -0*t - i - 5. Suppose -t = -b + 1. List the prime factors of b.
3
Let k(g) be the first derivative of -g**4/12 - 7*g**3/6 - 3*g + 2. Let t(f) be the first derivative of k(f). List the prime factors of t(-3).
2, 3
Let a(w) = 2*w - 6. Let q be a(4). Suppose 0 = q*o - o - 4. What are the prime factors of o?
2
Suppose -3*j + 340 = 34. What are the prime factors of j?
2, 3, 17
Let l be (-384)/(-10) + 8/(-20). Let y be (8/(-10))/(-2)*5. List the prime factors of 3/y + l/4.
11
Let i be (0 + -3)/(-1) - 1. Let v(d) = 8*d**2 + 2*d. Let t be v(i). Suppose 3*w = -3*k + t, -5*k + 60 = -0*w + 4*w. What are the prime factors of k?
2, 3
Let p(n) = n**2 + n. Let v be p(0). Let b = 11 + -7. Suppose -b*j + 14 + 6 = v. List the prime factors of j.
5
Let g(t) = t + 11. Let o be g(-9). Suppose 6*f - o*f - 48 = 0. What are the prime factors of f?
2, 3
Let m = 1 - 1. Let d = m - -12. List the prime factors of d.
2, 3
Suppose -2*n - 2*n = 3*h - 2, -3*n - 3 = 0. Suppose -h*y - 17 = -53. What are the prime factors of y?
2, 3
Let u(q) = -q**3 - 6*q**2 - 6*q + 2. What are the prime factors of u(-5)?
7
Let b(l) = 6*l**3 - 4*l**2 + 2*l. Let w be (-4)/2 - (-4)/1. Let g be b(w). Suppose -6 = 5*z - g. List the prime factors of z.
2, 3
Let q(s) = 4*s + 6. Let x be q(6). Suppose -w = -3*w + x. Let u = -1 + w. What are the prime factors of u?
2, 7
Let b(t) = t**3 + 9*t**2 + 6*t - 8. Let n be b(-8). Suppose 0 = -4*c + 3*c - 5*o + 16, o - n = -5*c. Suppose -c = p - 3. List the prime factors of p.
2
Let l(a) = 3*a**3 - 3*a + 2. Let k be l(2). Suppose q + 0*q = k. Suppose -4*i = 3*v - 64, 4*i - 5*v - q = 44. List the prime factors of i.
2
List the prime factors of 516/66 - (-2)/11.
2
Let w be ((-8)/(-20))/(2/10). Let f be -2 + (-3)/((-3)/14). Suppose -f = -w*z + z. What are the prime factors of z?
2, 3
Suppose w + 0*w = -2*a + 102, 0 = 5*a - w - 255. List the prime factors of a.
3, 17
List the prime factors of 312/6 + (1 - 5).
2, 3
Suppose -8 = 4*q - 2*n, 0 = -q - 2*q + 3*n. Let c = q - -5. Let w(p) = 4*p - 1. What are the prime factors of 